{"id":11364,"date":"2013-05-24T19:57:49","date_gmt":"2013-05-24T19:57:49","guid":{"rendered":"http:\/\/theme-fusion.com\/avadaxml\/?page_id=3660"},"modified":"2018-07-27T16:36:18","modified_gmt":"2018-07-27T14:36:18","slug":"home-blog-style-2","status":"publish","type":"page","link":"https:\/\/www.edder.org\/?page_id=11364","title":{"rendered":"Home Blog Style 2"},"content":{"rendered":"<div class=\"fusion-fullwidth fullwidth-box fusion-builder-row-1 hundred-percent-fullwidth non-hundred-percent-height-scrolling\" style=\"--awb-border-radius-top-left:0px;--awb-border-radius-top-right:0px;--awb-border-radius-bottom-right:0px;--awb-border-radius-bottom-left:0px;--awb-overflow:visible;--awb-flex-wrap:wrap;\" ><div class=\"fusion-builder-row fusion-row\"><div class=\"fusion-layout-column fusion_builder_column fusion-builder-column-0 fusion_builder_column_1_1 1_1 fusion-one-full fusion-column-first fusion-column-last fusion-column-no-min-height\" style=\"--awb-bg-size:cover;--awb-margin-bottom:0px;\"><div class=\"fusion-column-wrapper fusion-flex-column-wrapper-legacy\"><div class=\"fusion-reading-box-container reading-box-container-1 fusion-animated\" style=\"--awb-title-color:#212934;--awb-margin-top:0px;--awb-margin-bottom:20px;\" data-animationType=\"fadeInUp\" data-animationDuration=\"1\" data-animationOffset=\"top-into-view\"><div class=\"reading-box\" style=\"background-color:#f9f9fb;border-width:1px;border-color:#e5e4e4;border-left-width:3px;border-left-color:var(--primary_color);border-style:solid;\"><h2>Avada includes a blog shortcode you can use anywhere on the site!<\/h2><div class=\"reading-box-description fusion-reading-box-additional\">This blog shortcode was submitted by Markus, one of our Avada users and now on our developing team! It just goes to show what an awesome community we have, everyone is willing to help &amp; share ideas.  Dont wait, be a part of the Avada community today!<\/div><div class=\"fusion-clearfix\"><\/div><\/div><\/div><div class=\"fusion-clearfix\"><\/div><\/div><\/div><div class=\"fusion-layout-column fusion_builder_column fusion-builder-column-1 fusion_builder_column_1_1 1_1 fusion-one-full fusion-column-first fusion-column-last fusion-column-no-min-height\" style=\"--awb-bg-size:cover;--awb-margin-bottom:0px;\"><div class=\"fusion-column-wrapper fusion-flex-column-wrapper-legacy\"><div class=\"fusion-blog-shortcode fusion-blog-shortcode-1 fusion-blog-archive fusion-blog-layout-large fusion-blog-pagination\"><div class=\"fusion-posts-container fusion-posts-container-pagination fusion-blog-rollover\" data-pages=\"426\"><article id=\"blog-1-post-48329\" class=\"fusion-post-large post-48329 post type-post status-publish format-standard has-post-thumbnail hentry category-music category-today tag-pudovkin\">\n\t<style type=\"text\/css\">\n\t\t\t\t\t#blog-1-post-48329 .fusion-post-slideshow {\n\t\t\t\tmax-width: 100% !important;\n\t\t\t}\n\t\t\n\t\t\t\t\t#blog-1-post-48329 .fusion-post-slideshow,\n\t\t\t#blog-1-post-48329 .fusion-post-slideshow .fusion-image-wrapper img {\n\t\t\t\tmax-height: 100% !important;\n\t\t\t}\n\t\t\n\t\t\n\t\t\n\t\t\t\t\t@media only screen and (max-width: 479px){\n\t\t\t\t#blog-1-post-48329 .fusion-post-slideshow,\n\t\t\t\t#blog-1-post-48329 .fusion-post-slideshow .fusion-image-wrapper img {\n\t\t\t\t\twidth :auto !important;\n\t\t\t\t\theight :auto !important;\n\t\t\t\t}\n\t\t\t}\n\t\t\t<\/style>\n\n\n\t\t\t<div class=\"fusion-flexslider flexslider fusion-flexslider-loading fusion-post-slideshow\" style=\"\">\n\t\t<ul class=\"slides\">\n\t\t\t\n\t\t\t\t\t\t\t\t\t\t\t\t\t\t<li><div  class=\"fusion-image-wrapper\" aria-haspopup=\"true\">\n\t\t\t\t<img decoding=\"async\" width=\"1015\" height=\"689\" src=\"https:\/\/www.edder.org\/upload\/2026\/04\/Screenshot-2026-04-01-at-21.24.41.png\" class=\"attachment-full size-full lazyload wp-post-image\" alt=\"\" srcset=\"data:image\/svg+xml,%3Csvg%20xmlns%3D%27http%3A%2F%2Fwww.w3.org%2F2000%2Fsvg%27%20width%3D%271015%27%20height%3D%27689%27%20viewBox%3D%270%200%201015%20689%27%3E%3Crect%20width%3D%271015%27%20height%3D%27689%27%20fill-opacity%3D%220%22%2F%3E%3C%2Fsvg%3E\" data-orig-src=\"https:\/\/www.edder.org\/upload\/2026\/04\/Screenshot-2026-04-01-at-21.24.41.png\" data-srcset=\"https:\/\/www.edder.org\/upload\/2026\/04\/Screenshot-2026-04-01-at-21.24.41-200x136.png 200w, https:\/\/www.edder.org\/upload\/2026\/04\/Screenshot-2026-04-01-at-21.24.41-400x272.png 400w, https:\/\/www.edder.org\/upload\/2026\/04\/Screenshot-2026-04-01-at-21.24.41-600x407.png 600w, https:\/\/www.edder.org\/upload\/2026\/04\/Screenshot-2026-04-01-at-21.24.41-800x543.png 800w, https:\/\/www.edder.org\/upload\/2026\/04\/Screenshot-2026-04-01-at-21.24.41.png 1015w\" data-sizes=\"auto\" data-attachment-id=\"48332\" data-permalink=\"https:\/\/www.edder.org\/?attachment_id=48332\" data-orig-file=\"https:\/\/www.edder.org\/upload\/2026\/04\/Screenshot-2026-04-01-at-21.24.41.png\" data-orig-size=\"1015,689\" data-comments-opened=\"1\" data-image-meta=\"{&quot;aperture&quot;:&quot;0&quot;,&quot;credit&quot;:&quot;&quot;,&quot;camera&quot;:&quot;&quot;,&quot;caption&quot;:&quot;&quot;,&quot;created_timestamp&quot;:&quot;0&quot;,&quot;copyright&quot;:&quot;&quot;,&quot;focal_length&quot;:&quot;0&quot;,&quot;iso&quot;:&quot;0&quot;,&quot;shutter_speed&quot;:&quot;0&quot;,&quot;title&quot;:&quot;&quot;,&quot;orientation&quot;:&quot;0&quot;}\" data-image-title=\"Screenshot 2026-04-01 at 21.24.41\" data-image-description=\"\" data-image-caption=\"\" data-medium-file=\"https:\/\/www.edder.org\/upload\/2026\/04\/Screenshot-2026-04-01-at-21.24.41-300x204.png\" data-large-file=\"https:\/\/www.edder.org\/upload\/2026\/04\/Screenshot-2026-04-01-at-21.24.41.png\" \/><div class=\"fusion-rollover\">\n\t<div class=\"fusion-rollover-content\">\n\n\t\t\t\t\n\t\t\n\t\t\t\t\t\t\t\t\n\t\t\t\t\t\t\t\t\n\t\t\n\t\t\t\t\t\t<a class=\"fusion-link-wrapper\" href=\"https:\/\/www.edder.org\/?p=48329\" aria-label=\"Folk de m\u00e1s all\u00e1 de donde las estatuas de Lenin tienen los ojos rasgados\"><\/a>\n\t<\/div>\n<\/div>\n<\/div>\n<\/li>\n\t\t\t\n\t\t\t\n\t\t\t\t\t\t\t\t\t\t\t\t\t\t\t\t\t\t\t\t\t\t\t\t\t\t\t\t\t\t\t\t\t\t\t\t\t\t\t\t\t\t\t\t\t\t\t\t\t\t\t\t\t\t\t\t\t\t\t\t\t\t\t\t\t\t\t\t\t\t\t\t\t\t\t\t\t\t\t\t\t\t\t\t\t\t\t\t\t\t\t\t\t\t\t\t\t\t\t\t\t\t\t\t\t\t\t\t\t\t\t\t\t\t\t\t\t\t\t\t\t\t\t\t\t\t\t\t\t\t\t\t\t\t\t\t\t\t\t\t\t\t\t\t\t\t\t\t\t\t\t\t\t\t\t\t\t\t\t\t\t\t\t\t\t\t\t\t\t\t\t\t\t<\/ul>\n\t<\/div>\n\t<div class=\"fusion-post-content post-content\"><h2 class=\"blog-shortcode-post-title entry-title\"><a href=\"https:\/\/www.edder.org\/?p=48329\">Folk de m\u00e1s all\u00e1 de donde las estatuas de Lenin tienen los ojos rasgados<\/a><\/h2><div class=\"fusion-post-content-container\"><p>    <\/p><\/div><\/div><div class=\"fusion-clearfix\"><\/div><div class=\"fusion-meta-info\"><div class=\"fusion-alignleft\">By <span class=\"vcard\"><span class=\"fn\"><a href=\"https:\/\/www.edder.org\/?author=82\" title=\"Entradas de Eder\" rel=\"author\">Eder<\/a><\/span><\/span><span class=\"fusion-inline-sep\">|<\/span><span class=\"updated\" style=\"display:none;\">2026-04-01T21:29:58+02:00<\/span><span>abril 1st, 2026<\/span><span class=\"fusion-inline-sep\">|<\/span>Categories: <a href=\"https:\/\/www.edder.org\/?cat=87\" rel=\"category\">M\u00fasica<\/a>, <a href=\"https:\/\/www.edder.org\/?cat=787\" rel=\"category\">Today<\/a><span class=\"fusion-inline-sep\">|<\/span><span class=\"meta-tags\">Tags: <a href=\"https:\/\/www.edder.org\/?tag=pudovkin\" rel=\"tag\">Pudovkin<\/a><\/span><span class=\"fusion-inline-sep\">|<\/span><span class=\"fusion-comments\"><a href=\"https:\/\/www.edder.org\/?p=48329#respond\">0 Comments<\/a><\/span><\/div><div class=\"fusion-alignright\"><a class=\"fusion-read-more\" href=\"https:\/\/www.edder.org\/?p=48329\" aria-label=\"More on Folk de m\u00e1s all\u00e1 de donde las estatuas de Lenin tienen los ojos rasgados\">Read More<\/a><\/div><\/div><\/article>\n<article id=\"blog-1-post-48323\" class=\"fusion-post-large post-48323 post type-post status-publish format-standard has-post-thumbnail hentry category-actualidades\">\n\t<style type=\"text\/css\">\n\t\t\t\t\t#blog-1-post-48323 .fusion-post-slideshow {\n\t\t\t\tmax-width: 100% !important;\n\t\t\t}\n\t\t\n\t\t\t\t\t#blog-1-post-48323 .fusion-post-slideshow,\n\t\t\t#blog-1-post-48323 .fusion-post-slideshow .fusion-image-wrapper img {\n\t\t\t\tmax-height: 100% !important;\n\t\t\t}\n\t\t\n\t\t\n\t\t\n\t\t\t\t\t@media only screen and (max-width: 479px){\n\t\t\t\t#blog-1-post-48323 .fusion-post-slideshow,\n\t\t\t\t#blog-1-post-48323 .fusion-post-slideshow .fusion-image-wrapper img {\n\t\t\t\t\twidth :auto !important;\n\t\t\t\t\theight :auto !important;\n\t\t\t\t}\n\t\t\t}\n\t\t\t<\/style>\n\n\n\t\t\t<div class=\"fusion-flexslider flexslider fusion-flexslider-loading fusion-post-slideshow\" style=\"\">\n\t\t<ul class=\"slides\">\n\t\t\t\n\t\t\t\t\t\t\t\t\t\t\t\t\t\t<li><div  class=\"fusion-image-wrapper\" aria-haspopup=\"true\">\n\t\t\t\t<img decoding=\"async\" width=\"980\" height=\"667\" src=\"https:\/\/www.edder.org\/upload\/2026\/03\/Screenshot-2026-03-31-at-23.42.09.png\" class=\"attachment-full size-full lazyload wp-post-image\" alt=\"\" srcset=\"data:image\/svg+xml,%3Csvg%20xmlns%3D%27http%3A%2F%2Fwww.w3.org%2F2000%2Fsvg%27%20width%3D%27980%27%20height%3D%27667%27%20viewBox%3D%270%200%20980%20667%27%3E%3Crect%20width%3D%27980%27%20height%3D%27667%27%20fill-opacity%3D%220%22%2F%3E%3C%2Fsvg%3E\" data-orig-src=\"https:\/\/www.edder.org\/upload\/2026\/03\/Screenshot-2026-03-31-at-23.42.09.png\" data-srcset=\"https:\/\/www.edder.org\/upload\/2026\/03\/Screenshot-2026-03-31-at-23.42.09-200x136.png 200w, https:\/\/www.edder.org\/upload\/2026\/03\/Screenshot-2026-03-31-at-23.42.09-400x272.png 400w, https:\/\/www.edder.org\/upload\/2026\/03\/Screenshot-2026-03-31-at-23.42.09-600x408.png 600w, https:\/\/www.edder.org\/upload\/2026\/03\/Screenshot-2026-03-31-at-23.42.09-800x544.png 800w, https:\/\/www.edder.org\/upload\/2026\/03\/Screenshot-2026-03-31-at-23.42.09.png 980w\" data-sizes=\"auto\" data-attachment-id=\"48325\" data-permalink=\"https:\/\/www.edder.org\/?attachment_id=48325\" data-orig-file=\"https:\/\/www.edder.org\/upload\/2026\/03\/Screenshot-2026-03-31-at-23.42.09.png\" data-orig-size=\"980,667\" data-comments-opened=\"1\" data-image-meta=\"{&quot;aperture&quot;:&quot;0&quot;,&quot;credit&quot;:&quot;&quot;,&quot;camera&quot;:&quot;&quot;,&quot;caption&quot;:&quot;&quot;,&quot;created_timestamp&quot;:&quot;0&quot;,&quot;copyright&quot;:&quot;&quot;,&quot;focal_length&quot;:&quot;0&quot;,&quot;iso&quot;:&quot;0&quot;,&quot;shutter_speed&quot;:&quot;0&quot;,&quot;title&quot;:&quot;&quot;,&quot;orientation&quot;:&quot;0&quot;}\" data-image-title=\"Screenshot 2026-03-31 at 23.42.09\" data-image-description=\"\" data-image-caption=\"\" data-medium-file=\"https:\/\/www.edder.org\/upload\/2026\/03\/Screenshot-2026-03-31-at-23.42.09-300x204.png\" data-large-file=\"https:\/\/www.edder.org\/upload\/2026\/03\/Screenshot-2026-03-31-at-23.42.09.png\" \/><div class=\"fusion-rollover\">\n\t<div class=\"fusion-rollover-content\">\n\n\t\t\t\t\n\t\t\n\t\t\t\t\t\t\t\t\n\t\t\t\t\t\t\t\t\n\t\t\n\t\t\t\t\t\t<a class=\"fusion-link-wrapper\" href=\"https:\/\/www.edder.org\/?p=48323\" aria-label=\"No queremos la paz, sino la victoria\"><\/a>\n\t<\/div>\n<\/div>\n<\/div>\n<\/li>\n\t\t\t\n\t\t\t\n\t\t\t\t\t\t\t\t\t\t\t\t\t\t\t\t\t\t\t\t\t\t\t\t\t\t\t\t\t\t\t\t\t\t\t\t\t\t\t\t\t\t\t\t\t\t\t\t\t\t\t\t\t\t\t\t\t\t\t\t\t\t\t\t\t\t\t\t\t\t\t\t\t\t\t\t\t\t\t\t\t\t\t\t\t\t\t\t\t\t\t\t\t\t\t\t\t\t\t\t\t\t\t\t\t\t\t\t\t\t\t\t\t\t\t\t\t\t\t\t\t\t\t\t\t\t\t\t\t\t\t\t\t\t\t\t\t\t\t\t\t\t\t\t\t\t\t\t\t\t\t\t\t\t\t\t\t\t\t\t\t\t\t\t\t\t\t\t\t\t\t\t\t<\/ul>\n\t<\/div>\n\t<div class=\"fusion-post-content post-content\"><h2 class=\"blog-shortcode-post-title entry-title\"><a href=\"https:\/\/www.edder.org\/?p=48323\">No queremos la paz, sino la victoria<\/a><\/h2><div class=\"fusion-post-content-container\"><p>    <\/p><\/div><\/div><div class=\"fusion-clearfix\"><\/div><div class=\"fusion-meta-info\"><div class=\"fusion-alignleft\">By <span class=\"vcard\"><span class=\"fn\"><a href=\"https:\/\/www.edder.org\/?author=82\" title=\"Entradas de Eder\" rel=\"author\">Eder<\/a><\/span><\/span><span class=\"fusion-inline-sep\">|<\/span><span class=\"updated\" style=\"display:none;\">2026-03-31T23:44:17+02:00<\/span><span>marzo 31st, 2026<\/span><span class=\"fusion-inline-sep\">|<\/span>Categories: <a href=\"https:\/\/www.edder.org\/?cat=802\" rel=\"category\">Actualidades<\/a><span class=\"fusion-inline-sep\">|<\/span><span class=\"fusion-comments\"><a href=\"https:\/\/www.edder.org\/?p=48323#respond\">0 Comments<\/a><\/span><\/div><div class=\"fusion-alignright\"><a class=\"fusion-read-more\" href=\"https:\/\/www.edder.org\/?p=48323\" aria-label=\"More on No queremos la paz, sino la victoria\">Read More<\/a><\/div><\/div><\/article>\n<article id=\"blog-1-post-48303\" class=\"fusion-post-large post-48303 post type-post status-publish format-standard has-post-thumbnail hentry category-actualidades category-today\">\n\t<style type=\"text\/css\">\n\t\t\n\t\t\n\t\t\n\t\t\n\t\t\t<\/style>\n\n\n\t\t\t<div class=\"fusion-flexslider flexslider fusion-flexslider-loading fusion-post-slideshow\" style=\"\">\n\t\t<ul class=\"slides\">\n\t\t\t\n\t\t\t\t\t\t\t\t\t\t\t\t\t\t<li><div  class=\"fusion-image-wrapper\" aria-haspopup=\"true\">\n\t\t\t\t<img decoding=\"async\" width=\"932\" height=\"631\" src=\"https:\/\/www.edder.org\/upload\/2026\/03\/Screenshot-2026-03-30-at-12.14.27.png\" class=\"attachment-full size-full lazyload wp-post-image\" alt=\"\" srcset=\"data:image\/svg+xml,%3Csvg%20xmlns%3D%27http%3A%2F%2Fwww.w3.org%2F2000%2Fsvg%27%20width%3D%27932%27%20height%3D%27631%27%20viewBox%3D%270%200%20932%20631%27%3E%3Crect%20width%3D%27932%27%20height%3D%27631%27%20fill-opacity%3D%220%22%2F%3E%3C%2Fsvg%3E\" data-orig-src=\"https:\/\/www.edder.org\/upload\/2026\/03\/Screenshot-2026-03-30-at-12.14.27.png\" data-srcset=\"https:\/\/www.edder.org\/upload\/2026\/03\/Screenshot-2026-03-30-at-12.14.27-200x135.png 200w, https:\/\/www.edder.org\/upload\/2026\/03\/Screenshot-2026-03-30-at-12.14.27-400x271.png 400w, https:\/\/www.edder.org\/upload\/2026\/03\/Screenshot-2026-03-30-at-12.14.27-600x406.png 600w, https:\/\/www.edder.org\/upload\/2026\/03\/Screenshot-2026-03-30-at-12.14.27-800x542.png 800w, https:\/\/www.edder.org\/upload\/2026\/03\/Screenshot-2026-03-30-at-12.14.27.png 932w\" data-sizes=\"auto\" data-attachment-id=\"48307\" data-permalink=\"https:\/\/www.edder.org\/?attachment_id=48307\" data-orig-file=\"https:\/\/www.edder.org\/upload\/2026\/03\/Screenshot-2026-03-30-at-12.14.27.png\" data-orig-size=\"932,631\" data-comments-opened=\"1\" data-image-meta=\"{&quot;aperture&quot;:&quot;0&quot;,&quot;credit&quot;:&quot;&quot;,&quot;camera&quot;:&quot;&quot;,&quot;caption&quot;:&quot;&quot;,&quot;created_timestamp&quot;:&quot;0&quot;,&quot;copyright&quot;:&quot;&quot;,&quot;focal_length&quot;:&quot;0&quot;,&quot;iso&quot;:&quot;0&quot;,&quot;shutter_speed&quot;:&quot;0&quot;,&quot;title&quot;:&quot;&quot;,&quot;orientation&quot;:&quot;0&quot;}\" data-image-title=\"Screenshot 2026-03-30 at 12.14.27\" data-image-description=\"\" data-image-caption=\"\" data-medium-file=\"https:\/\/www.edder.org\/upload\/2026\/03\/Screenshot-2026-03-30-at-12.14.27-300x203.png\" data-large-file=\"https:\/\/www.edder.org\/upload\/2026\/03\/Screenshot-2026-03-30-at-12.14.27.png\" \/><div class=\"fusion-rollover\">\n\t<div class=\"fusion-rollover-content\">\n\n\t\t\t\t\n\t\t\n\t\t\t\t\t\t\t\t\n\t\t\t\t\t\t\t\t\n\t\t\n\t\t\t\t\t\t<a class=\"fusion-link-wrapper\" href=\"https:\/\/www.edder.org\/?p=48303\" aria-label=\"Rota y Mor\u00f3n: recuerdos del Se\u00f1or Conde y tambi\u00e9n Se\u00f1or Marqu\u00e9s\"><\/a>\n\t<\/div>\n<\/div>\n<\/div>\n<\/li>\n\t\t\t\n\t\t\t\n\t\t\t\t\t\t\t\t\t\t\t\t\t\t\t\t\t\t\t\t\t\t\t\t\t\t\t\t\t\t\t\t\t\t\t\t\t\t\t\t\t\t\t\t\t\t\t\t\t\t\t\t\t\t\t\t\t\t\t\t\t\t\t\t\t\t\t\t\t\t\t\t\t\t\t\t\t\t\t\t\t\t\t\t\t\t\t\t\t\t\t\t\t\t\t\t\t\t\t\t\t\t\t\t\t\t\t\t\t\t\t\t\t\t\t\t\t\t\t\t\t\t\t\t\t\t\t\t\t\t\t\t\t\t\t\t\t\t\t\t\t\t\t\t\t\t\t\t\t\t\t\t\t\t\t\t\t\t\t\t\t\t\t\t\t\t\t\t\t\t\t\t\t<\/ul>\n\t<\/div>\n\t<div class=\"fusion-post-content post-content\"><h2 class=\"blog-shortcode-post-title entry-title\"><a href=\"https:\/\/www.edder.org\/?p=48303\">Rota y Mor\u00f3n: recuerdos del Se\u00f1or Conde y tambi\u00e9n Se\u00f1or Marqu\u00e9s<\/a><\/h2><div class=\"fusion-post-content-container\"><p>        <\/p><\/div><\/div><div class=\"fusion-clearfix\"><\/div><div class=\"fusion-meta-info\"><div class=\"fusion-alignleft\">By <span class=\"vcard\"><span class=\"fn\"><a href=\"https:\/\/www.edder.org\/?author=82\" title=\"Entradas de Eder\" rel=\"author\">Eder<\/a><\/span><\/span><span class=\"fusion-inline-sep\">|<\/span><span class=\"updated\" style=\"display:none;\">2026-03-30T12:17:30+02:00<\/span><span>marzo 30th, 2026<\/span><span class=\"fusion-inline-sep\">|<\/span>Categories: <a href=\"https:\/\/www.edder.org\/?cat=802\" rel=\"category\">Actualidades<\/a>, <a href=\"https:\/\/www.edder.org\/?cat=787\" rel=\"category\">Today<\/a><span class=\"fusion-inline-sep\">|<\/span><span class=\"fusion-comments\"><a href=\"https:\/\/www.edder.org\/?p=48303#respond\">0 Comments<\/a><\/span><\/div><div class=\"fusion-alignright\"><a class=\"fusion-read-more\" href=\"https:\/\/www.edder.org\/?p=48303\" aria-label=\"More on Rota y Mor\u00f3n: recuerdos del Se\u00f1or Conde y tambi\u00e9n Se\u00f1or Marqu\u00e9s\">Read More<\/a><\/div><\/div><\/article>\n<\/div><div class=\"pagination clearfix\"><span class=\"current\">1<\/span><a href=\"https:\/\/www.edder.org\/index.php?rest_route=%2Fwp%2Fv2%2Fpages%2F11364&#038;paged=2\" class=\"inactive\">2<\/a><a class=\"pagination-next\" rel=\"next\" href=\"https:\/\/www.edder.org\/index.php?rest_route=%2Fwp%2Fv2%2Fpages%2F11364&#038;paged=2\"><span class=\"page-text\">Siguiente<\/span><span class=\"page-next\"><\/span><\/a><\/div><div class=\"fusion-clearfix\"><\/div><\/div><div class=\"fusion-clearfix\"><\/div><\/div><\/div><\/div><\/div>\n","protected":false},"excerpt":{"rendered":"","protected":false},"author":82,"featured_media":0,"parent":0,"menu_order":0,"comment_status":"open","ping_status":"closed","template":"","meta":{"jetpack_post_was_ever_published":false,"footnotes":""},"class_list":["post-11364","page","type-page","status-publish","hentry"],"jetpack_shortlink":"https:\/\/wp.me\/P6kHv-2Xi","jetpack_sharing_enabled":true,"jetpack-related-posts":[{"id":10820,"url":"https:\/\/www.edder.org\/?page_id=10820","url_meta":{"origin":11364,"position":0},"title":"What&#039;s New","author":"Eder","date":"mi\u00e9rcoles, 17 Dic, 2014","format":false,"excerpt":"","rel":"","context":"Entrada similar","block_context":{"text":"Entrada similar","link":""},"img":{"alt_text":"","src":"","width":0,"height":0},"classes":[]},{"id":11416,"url":"https:\/\/www.edder.org\/?page_id=11416","url_meta":{"origin":11364,"position":1},"title":"Home 3.8","author":"Eder","date":"lunes, 13 Abr, 2015","format":false,"excerpt":"","rel":"","context":"Entrada similar","block_context":{"text":"Entrada similar","link":""},"img":{"alt_text":"support_review","src":"https:\/\/i0.wp.com\/avadatest.theme-fusion.com\/avada\/wp-content\/uploads\/2015\/03\/support_review.png?resize=350%2C200","width":350,"height":200,"srcset":"https:\/\/i0.wp.com\/avadatest.theme-fusion.com\/avada\/wp-content\/uploads\/2015\/03\/support_review.png?resize=350%2C200 1x, https:\/\/i0.wp.com\/avadatest.theme-fusion.com\/avada\/wp-content\/uploads\/2015\/03\/support_review.png?resize=525%2C300 1.5x"},"classes":[]},{"id":10595,"url":"https:\/\/www.edder.org\/?page_id=10595","url_meta":{"origin":11364,"position":2},"title":"Flip Boxes","author":"Eder","date":"jueves, 4 Sep, 2014","format":false,"excerpt":"","rel":"","context":"Entrada similar","block_context":{"text":"Entrada similar","link":""},"img":{"alt_text":"","src":"","width":0,"height":0},"classes":[]},{"id":11251,"url":"https:\/\/www.edder.org\/?page_id=11251","url_meta":{"origin":11364,"position":3},"title":"WooCommerce Product Carousel","author":"Eder","date":"domingo, 25 Ene, 2015","format":false,"excerpt":"","rel":"","context":"Entrada similar","block_context":{"text":"Entrada similar","link":""},"img":{"alt_text":"","src":"","width":0,"height":0},"classes":[]},{"id":11358,"url":"https:\/\/www.edder.org\/?page_id=11358","url_meta":{"origin":11364,"position":4},"title":"Home Version 13","author":"Eder","date":"viernes, 24 May, 2013","format":false,"excerpt":"","rel":"","context":"Entrada similar","block_context":{"text":"Entrada similar","link":""},"img":{"alt_text":"","src":"","width":0,"height":0},"classes":[]},{"id":10013,"url":"https:\/\/www.edder.org\/?page_id=10013","url_meta":{"origin":11364,"position":5},"title":"Buttons","author":"Eder","date":"mi\u00e9rcoles, 18 Jun, 2014","format":false,"excerpt":"","rel":"","context":"Entrada similar","block_context":{"text":"Entrada similar","link":""},"img":{"alt_text":"test_graphic","src":"https:\/\/i0.wp.com\/theme-fusion.com\/avada\/wp-content\/uploads\/2014\/06\/avada_history.jpg?resize=350%2C200","width":350,"height":200,"srcset":"https:\/\/i0.wp.com\/theme-fusion.com\/avada\/wp-content\/uploads\/2014\/06\/avada_history.jpg?resize=350%2C200 1x, https:\/\/i0.wp.com\/theme-fusion.com\/avada\/wp-content\/uploads\/2014\/06\/avada_history.jpg?resize=525%2C300 1.5x, https:\/\/i0.wp.com\/theme-fusion.com\/avada\/wp-content\/uploads\/2014\/06\/avada_history.jpg?resize=700%2C400 2x"},"classes":[]}],"jetpack_likes_enabled":true,"_links":{"self":[{"href":"https:\/\/www.edder.org\/index.php?rest_route=\/wp\/v2\/pages\/11364","targetHints":{"allow":["GET"]}}],"collection":[{"href":"https:\/\/www.edder.org\/index.php?rest_route=\/wp\/v2\/pages"}],"about":[{"href":"https:\/\/www.edder.org\/index.php?rest_route=\/wp\/v2\/types\/page"}],"author":[{"embeddable":true,"href":"https:\/\/www.edder.org\/index.php?rest_route=\/wp\/v2\/users\/82"}],"replies":[{"embeddable":true,"href":"https:\/\/www.edder.org\/index.php?rest_route=%2Fwp%2Fv2%2Fcomments&post=11364"}],"version-history":[{"count":0,"href":"https:\/\/www.edder.org\/index.php?rest_route=\/wp\/v2\/pages\/11364\/revisions"}],"wp:attachment":[{"href":"https:\/\/www.edder.org\/index.php?rest_route=%2Fwp%2Fv2%2Fmedia&parent=11364"}],"curies":[{"name":"wp","href":"https:\/\/api.w.org\/{rel}","templated":true}]}}